{"id":1211,"date":"2025-06-26T17:31:40","date_gmt":"2025-06-26T17:31:40","guid":{"rendered":"https:\/\/prueba.latorredehortaleza.org\/?page_id=1211"},"modified":"2025-12-09T10:54:22","modified_gmt":"2025-12-09T09:54:22","slug":"equipo-humano","status":"publish","type":"page","link":"https:\/\/www.latorredehortaleza.org\/Blog\/?page_id=1211","title":{"rendered":"Equipo humano"},"content":{"rendered":"\t\t<div data-elementor-type=\"wp-page\" data-elementor-id=\"1211\" class=\"elementor elementor-1211\" data-elementor-post-type=\"page\">\n\t\t\t\t<div class=\"elementor-element elementor-element-0c54904 e-con-full e-flex e-con e-parent\" data-id=\"0c54904\" data-element_type=\"container\" data-settings=\"{&quot;background_background&quot;:&quot;classic&quot;}\">\n\t\t\t\t<div class=\"elementor-element elementor-element-935bf0f elementor-widget elementor-widget-heading\" data-id=\"935bf0f\" data-element_type=\"widget\" data-widget_type=\"heading.default\">\n\t\t\t\t\t<h2 class=\"elementor-heading-title elementor-size-default\">EQUIPO HUMANO<\/h2>\t\t\t\t<\/div>\n\t\t\t\t<\/div>\n\t\t<div class=\"elementor-element elementor-element-c22c655 e-con-full e-flex e-con e-child\" data-id=\"c22c655\" data-element_type=\"container\" data-settings=\"{&quot;background_background&quot;:&quot;classic&quot;}\">\n\t\t\t\t<\/div>\n\t\t<div class=\"elementor-element elementor-element-a54dc24 e-flex e-con-boxed e-con e-parent\" data-id=\"a54dc24\" data-element_type=\"container\" data-settings=\"{&quot;background_background&quot;:&quot;classic&quot;}\">\n\t\t\t\t\t<div class=\"e-con-inner\">\n\t\t<div class=\"elementor-element elementor-element-5766dc2 e-con-full e-flex e-con e-child\" data-id=\"5766dc2\" data-element_type=\"container\" data-settings=\"{&quot;background_background&quot;:&quot;classic&quot;}\">\n\t\t\t\t<\/div>\n\t\t\t\t\t<\/div>\n\t\t\t\t<\/div>\n\t\t<div class=\"elementor-element elementor-element-419f14e e-flex e-con-boxed e-con e-parent\" data-id=\"419f14e\" data-element_type=\"container\" data-settings=\"{&quot;background_background&quot;:&quot;classic&quot;}\">\n\t\t\t\t\t<div class=\"e-con-inner\">\n\t\t\t\t<div class=\"elementor-element elementor-element-386d937 elementor-widget elementor-widget-heading\" data-id=\"386d937\" data-element_type=\"widget\" data-widget_type=\"heading.default\">\n\t\t\t\t\t<h2 class=\"elementor-heading-title elementor-size-default\">JUNTA DIRECTIVA<\/h2>\t\t\t\t<\/div>\n\t\t\t\t<div class=\"elementor-element elementor-element-5963be4 elementor-widget__width-auto elementor-widget elementor-widget-text-editor\" data-id=\"5963be4\" data-element_type=\"widget\" data-widget_type=\"text-editor.default\">\n\t\t\t\t\t\t\t\t\t<p>La Junta Directiva de la Asociaci\u00f3n La Torre de Hortaleza est\u00e1 formada por seis personas voluntarias, elegidas por la asamblea de socios y socias para su representaci\u00f3n, con una duraci\u00f3n de cuatro a\u00f1os.<\/p><p>La Junta Directiva actual, con vigencia hasta octubre de 2025 como \u00d3rgano de Gobierno de laAsociaci\u00f3n, viene realizando las funciones que le atribuyen los estatutos, llevando a cabo la gesti\u00f3n y organizaci\u00f3n de todos los asuntos y actividades para la consecuci\u00f3n del objeto social.<\/p>\t\t\t\t\t\t\t\t<\/div>\n\t\t\t\t\t<\/div>\n\t\t\t\t<\/div>\n\t\t<div class=\"elementor-element elementor-element-76b3648 e-flex e-con-boxed e-con e-parent\" data-id=\"76b3648\" data-element_type=\"container\" data-settings=\"{&quot;background_background&quot;:&quot;classic&quot;}\">\n\t\t\t\t\t<div class=\"e-con-inner\">\n\t\t<div class=\"elementor-element elementor-element-f2b4c9d e-con-full e-flex e-con e-child\" data-id=\"f2b4c9d\" data-element_type=\"container\" data-settings=\"{&quot;background_background&quot;:&quot;classic&quot;}\">\n\t\t\t\t<\/div>\n\t\t\t\t\t<\/div>\n\t\t\t\t<\/div>\n\t\t<div class=\"elementor-element elementor-element-bff23d2 e-flex e-con-boxed e-con e-parent\" data-id=\"bff23d2\" data-element_type=\"container\" data-settings=\"{&quot;background_background&quot;:&quot;classic&quot;}\">\n\t\t\t\t\t<div class=\"e-con-inner\">\n\t\t<div class=\"elementor-element elementor-element-12fd566 e-con-full e-flex e-con e-child\" data-id=\"12fd566\" data-element_type=\"container\">\n\t\t\t\t<div class=\"elementor-element elementor-element-2e69170 elementor-widget elementor-widget-text-editor\" data-id=\"2e69170\" data-element_type=\"widget\" data-widget_type=\"text-editor.default\">\n\t\t\t\t\t\t\t\t\t<p>PRESIDENTA<\/p>\t\t\t\t\t\t\t\t<\/div>\n\t\t\t\t<div class=\"elementor-element elementor-element-23e3483 elementor-widget elementor-widget-heading\" data-id=\"23e3483\" data-element_type=\"widget\" data-widget_type=\"heading.default\">\n\t\t\t\t\t<h2 class=\"elementor-heading-title elementor-size-default\">RUT AGUDO<\/h2>\t\t\t\t<\/div>\n\t\t\t\t<\/div>\n\t\t\t\t\t<\/div>\n\t\t\t\t<\/div>\n\t\t<div class=\"elementor-element elementor-element-0a2bae7 e-flex e-con-boxed e-con e-parent\" data-id=\"0a2bae7\" data-element_type=\"container\" data-settings=\"{&quot;background_background&quot;:&quot;classic&quot;}\">\n\t\t\t\t\t<div class=\"e-con-inner\">\n\t\t<div class=\"elementor-element elementor-element-427e64d e-con-full e-flex e-con e-child\" data-id=\"427e64d\" data-element_type=\"container\" data-settings=\"{&quot;background_background&quot;:&quot;classic&quot;}\">\n\t\t\t\t<\/div>\n\t\t\t\t\t<\/div>\n\t\t\t\t<\/div>\n\t\t<div class=\"elementor-element elementor-element-e6a8a9d e-flex e-con-boxed e-con e-parent\" data-id=\"e6a8a9d\" data-element_type=\"container\" data-settings=\"{&quot;background_background&quot;:&quot;classic&quot;}\">\n\t\t\t\t\t<div class=\"e-con-inner\">\n\t\t<div class=\"elementor-element elementor-element-3877e05 e-con-full e-flex e-con e-child\" data-id=\"3877e05\" data-element_type=\"container\">\n\t\t\t\t<div class=\"elementor-element elementor-element-8e365bd elementor-widget elementor-widget-heading\" data-id=\"8e365bd\" data-element_type=\"widget\" data-widget_type=\"heading.default\">\n\t\t\t\t\t<h2 class=\"elementor-heading-title elementor-size-default\">JORGE CAVERO<\/h2>\t\t\t\t<\/div>\n\t\t\t\t<div class=\"elementor-element elementor-element-dcb3ccd elementor-widget elementor-widget-text-editor\" data-id=\"dcb3ccd\" data-element_type=\"widget\" data-widget_type=\"text-editor.default\">\n\t\t\t\t\t\t\t\t\t<p>VICEPRESIDENTE<\/p>\t\t\t\t\t\t\t\t<\/div>\n\t\t\t\t<\/div>\n\t\t\t\t\t<\/div>\n\t\t\t\t<\/div>\n\t\t<div class=\"elementor-element elementor-element-6017153 e-flex e-con-boxed e-con e-parent\" data-id=\"6017153\" data-element_type=\"container\" data-settings=\"{&quot;background_background&quot;:&quot;classic&quot;}\">\n\t\t\t\t\t<div class=\"e-con-inner\">\n\t\t<div class=\"elementor-element elementor-element-41673c4 e-con-full e-flex e-con e-child\" data-id=\"41673c4\" data-element_type=\"container\" data-settings=\"{&quot;background_background&quot;:&quot;classic&quot;}\">\n\t\t\t\t<\/div>\n\t\t\t\t\t<\/div>\n\t\t\t\t<\/div>\n\t\t<div class=\"elementor-element elementor-element-25f2d7f e-flex e-con-boxed e-con e-parent\" data-id=\"25f2d7f\" data-element_type=\"container\" data-settings=\"{&quot;background_background&quot;:&quot;classic&quot;}\">\n\t\t\t\t\t<div class=\"e-con-inner\">\n\t\t<div class=\"elementor-element elementor-element-dc03b92 e-con-full e-flex e-con e-child\" data-id=\"dc03b92\" data-element_type=\"container\">\n\t\t\t\t<div class=\"elementor-element elementor-element-884c447 elementor-widget elementor-widget-heading\" data-id=\"884c447\" data-element_type=\"widget\" data-widget_type=\"heading.default\">\n\t\t\t\t\t<h2 class=\"elementor-heading-title elementor-size-default\">PEN\u00c9LOPE CEA<\/h2>\t\t\t\t<\/div>\n\t\t\t\t<div class=\"elementor-element elementor-element-053c82a elementor-widget elementor-widget-text-editor\" data-id=\"053c82a\" data-element_type=\"widget\" data-widget_type=\"text-editor.default\">\n\t\t\t\t\t\t\t\t\t<p>SECRETARIA<\/p>\t\t\t\t\t\t\t\t<\/div>\n\t\t\t\t<\/div>\n\t\t\t\t\t<\/div>\n\t\t\t\t<\/div>\n\t\t<div class=\"elementor-element elementor-element-44acb51 e-flex e-con-boxed e-con e-parent\" data-id=\"44acb51\" data-element_type=\"container\" data-settings=\"{&quot;background_background&quot;:&quot;classic&quot;}\">\n\t\t\t\t\t<div class=\"e-con-inner\">\n\t\t<div class=\"elementor-element elementor-element-ba47a96 e-con-full e-flex e-con e-child\" data-id=\"ba47a96\" data-element_type=\"container\" data-settings=\"{&quot;background_background&quot;:&quot;classic&quot;}\">\n\t\t\t\t<\/div>\n\t\t\t\t\t<\/div>\n\t\t\t\t<\/div>\n\t\t<div class=\"elementor-element elementor-element-c07c2ef e-flex e-con-boxed e-con e-parent\" data-id=\"c07c2ef\" data-element_type=\"container\" data-settings=\"{&quot;background_background&quot;:&quot;classic&quot;}\">\n\t\t\t\t\t<div class=\"e-con-inner\">\n\t\t<div class=\"elementor-element elementor-element-80e32f6 e-con-full e-flex e-con e-child\" data-id=\"80e32f6\" data-element_type=\"container\">\n\t\t\t\t<div class=\"elementor-element elementor-element-fab7ef7 elementor-widget elementor-widget-text-editor\" data-id=\"fab7ef7\" data-element_type=\"widget\" data-widget_type=\"text-editor.default\">\n\t\t\t\t\t\t\t\t\t<p>TESORERA<\/p>\t\t\t\t\t\t\t\t<\/div>\n\t\t\t\t<div class=\"elementor-element elementor-element-2d3f24a elementor-widget elementor-widget-heading\" data-id=\"2d3f24a\" data-element_type=\"widget\" data-widget_type=\"heading.default\">\n\t\t\t\t\t<h2 class=\"elementor-heading-title elementor-size-default\">PILAR MORA<\/h2>\t\t\t\t<\/div>\n\t\t\t\t<\/div>\n\t\t\t\t\t<\/div>\n\t\t\t\t<\/div>\n\t\t<div class=\"elementor-element elementor-element-22964ba e-flex e-con-boxed e-con e-parent\" data-id=\"22964ba\" data-element_type=\"container\" data-settings=\"{&quot;background_background&quot;:&quot;classic&quot;}\">\n\t\t\t\t\t<div class=\"e-con-inner\">\n\t\t<div class=\"elementor-element elementor-element-b9c0d8f e-con-full e-flex e-con e-child\" data-id=\"b9c0d8f\" data-element_type=\"container\" data-settings=\"{&quot;background_background&quot;:&quot;classic&quot;}\">\n\t\t\t\t<\/div>\n\t\t\t\t\t<\/div>\n\t\t\t\t<\/div>\n\t\t<div class=\"elementor-element elementor-element-1e24729 e-flex e-con-boxed e-con e-parent\" data-id=\"1e24729\" data-element_type=\"container\" data-settings=\"{&quot;background_background&quot;:&quot;classic&quot;}\">\n\t\t\t\t\t<div class=\"e-con-inner\">\n\t\t<div class=\"elementor-element elementor-element-b6a6568 e-con-full e-flex e-con e-child\" data-id=\"b6a6568\" data-element_type=\"container\">\n\t\t\t\t<div class=\"elementor-element elementor-element-1cd8d8e elementor-widget elementor-widget-heading\" data-id=\"1cd8d8e\" data-element_type=\"widget\" data-widget_type=\"heading.default\">\n\t\t\t\t\t<h2 class=\"elementor-heading-title elementor-size-default\">BORJA MOLINA<\/h2>\t\t\t\t<\/div>\n\t\t\t\t<div class=\"elementor-element elementor-element-aff1d40 elementor-widget elementor-widget-text-editor\" data-id=\"aff1d40\" data-element_type=\"widget\" data-widget_type=\"text-editor.default\">\n\t\t\t\t\t\t\t\t\t<p>PRESIDENTE SECCI\u00d3N DEPORTIVA<\/p>\t\t\t\t\t\t\t\t<\/div>\n\t\t\t\t<\/div>\n\t\t\t\t\t<\/div>\n\t\t\t\t<\/div>\n\t\t<div class=\"elementor-element elementor-element-84deebd e-flex e-con-boxed e-con e-parent\" data-id=\"84deebd\" data-element_type=\"container\" data-settings=\"{&quot;background_background&quot;:&quot;classic&quot;}\">\n\t\t\t\t\t<div class=\"e-con-inner\">\n\t\t<div class=\"elementor-element elementor-element-2dd1463 e-con-full e-flex e-con e-child\" data-id=\"2dd1463\" data-element_type=\"container\" data-settings=\"{&quot;background_background&quot;:&quot;classic&quot;}\">\n\t\t\t\t<\/div>\n\t\t\t\t\t<\/div>\n\t\t\t\t<\/div>\n\t\t<div class=\"elementor-element elementor-element-4a916aa e-flex e-con-boxed e-con e-parent\" data-id=\"4a916aa\" data-element_type=\"container\" data-settings=\"{&quot;background_background&quot;:&quot;classic&quot;}\">\n\t\t\t\t\t<div class=\"e-con-inner\">\n\t\t<div class=\"elementor-element elementor-element-ddfe5e8 e-con-full e-flex e-con e-child\" data-id=\"ddfe5e8\" data-element_type=\"container\" data-settings=\"{&quot;background_background&quot;:&quot;classic&quot;}\">\n\t\t\t\t<\/div>\n\t\t\t\t\t<\/div>\n\t\t\t\t<\/div>\n\t\t<div class=\"elementor-element elementor-element-5c4e965 e-flex e-con-boxed e-con e-parent\" data-id=\"5c4e965\" data-element_type=\"container\" data-settings=\"{&quot;background_background&quot;:&quot;classic&quot;}\">\n\t\t\t\t\t<div class=\"e-con-inner\">\n\t\t\t\t<div class=\"elementor-element elementor-element-cef46da elementor-widget elementor-widget-heading\" data-id=\"cef46da\" data-element_type=\"widget\" data-widget_type=\"heading.default\">\n\t\t\t\t\t<h2 class=\"elementor-heading-title elementor-size-default\">EQUIPO DE TRABAJO<\/h2>\t\t\t\t<\/div>\n\t\t\t\t\t<\/div>\n\t\t\t\t<\/div>\n\t\t<div class=\"elementor-element elementor-element-3442c3f e-flex e-con-boxed e-con e-parent\" data-id=\"3442c3f\" data-element_type=\"container\" data-settings=\"{&quot;background_background&quot;:&quot;classic&quot;}\">\n\t\t\t\t\t<div class=\"e-con-inner\">\n\t\t<div class=\"elementor-element elementor-element-cbf6e72 e-con-full e-flex e-con e-child\" data-id=\"cbf6e72\" data-element_type=\"container\" data-settings=\"{&quot;background_background&quot;:&quot;classic&quot;}\">\n\t\t\t\t<\/div>\n\t\t\t\t\t<\/div>\n\t\t\t\t<\/div>\n\t\t<div class=\"elementor-element elementor-element-ac2e263 e-flex e-con-boxed e-con e-parent\" data-id=\"ac2e263\" data-element_type=\"container\" data-settings=\"{&quot;background_background&quot;:&quot;classic&quot;}\">\n\t\t\t\t\t<div class=\"e-con-inner\">\n\t\t<div class=\"elementor-element elementor-element-25599db e-con-full e-flex e-con e-child\" data-id=\"25599db\" data-element_type=\"container\" data-settings=\"{&quot;background_background&quot;:&quot;classic&quot;}\">\n\t\t\t\t<\/div>\n\t\t\t\t\t<\/div>\n\t\t\t\t<\/div>\n\t\t<div class=\"elementor-element elementor-element-8cfdb19 e-flex e-con-boxed e-con e-parent\" data-id=\"8cfdb19\" data-element_type=\"container\" data-settings=\"{&quot;background_background&quot;:&quot;classic&quot;}\">\n\t\t\t\t\t<div class=\"e-con-inner\">\n\t\t<div class=\"elementor-element elementor-element-6fcec74 e-con-full e-flex e-con e-child\" data-id=\"6fcec74\" data-element_type=\"container\">\n\t\t\t\t<div class=\"elementor-element elementor-element-6213370 elementor-widget elementor-widget-text-editor\" data-id=\"6213370\" data-element_type=\"widget\" data-widget_type=\"text-editor.default\">\n\t\t\t\t\t\t\t\t\t<p>DIRECTOR<\/p>\t\t\t\t\t\t\t\t<\/div>\n\t\t\t\t<div class=\"elementor-element elementor-element-2ab2de4 elementor-widget elementor-widget-heading\" data-id=\"2ab2de4\" data-element_type=\"widget\" data-widget_type=\"heading.default\">\n\t\t\t\t\t<h2 class=\"elementor-heading-title elementor-size-default\">DANIEL GARC\u00cdA<\/h2>\t\t\t\t<\/div>\n\t\t\t\t<\/div>\n\t\t\t\t\t<\/div>\n\t\t\t\t<\/div>\n\t\t<div class=\"elementor-element elementor-element-d7717ad e-flex e-con-boxed e-con e-parent\" data-id=\"d7717ad\" data-element_type=\"container\" data-settings=\"{&quot;background_background&quot;:&quot;classic&quot;}\">\n\t\t\t\t\t<div class=\"e-con-inner\">\n\t\t<div class=\"elementor-element elementor-element-04f07c0 e-con-full e-flex e-con e-child\" data-id=\"04f07c0\" data-element_type=\"container\" data-settings=\"{&quot;background_background&quot;:&quot;classic&quot;}\">\n\t\t\t\t<\/div>\n\t\t\t\t\t<\/div>\n\t\t\t\t<\/div>\n\t\t<div class=\"elementor-element elementor-element-7c19325 e-flex e-con-boxed e-con e-parent\" data-id=\"7c19325\" data-element_type=\"container\" data-settings=\"{&quot;background_background&quot;:&quot;classic&quot;}\">\n\t\t\t\t\t<div class=\"e-con-inner\">\n\t\t<div class=\"elementor-element elementor-element-3275bdb e-con-full e-flex e-con e-child\" data-id=\"3275bdb\" data-element_type=\"container\">\n\t\t\t\t<div class=\"elementor-element elementor-element-601d4f2 elementor-widget elementor-widget-heading\" data-id=\"601d4f2\" data-element_type=\"widget\" data-widget_type=\"heading.default\">\n\t\t\t\t\t<h2 class=\"elementor-heading-title elementor-size-default\">BEATRIZ FERN\u00c1NDEZ<\/h2>\t\t\t\t<\/div>\n\t\t\t\t<div class=\"elementor-element elementor-element-60c34c8 elementor-widget elementor-widget-text-editor\" data-id=\"60c34c8\" data-element_type=\"widget\" data-widget_type=\"text-editor.default\">\n\t\t\t\t\t\t\t\t\t<p>\u00c1REA GERENCIA<\/p>\t\t\t\t\t\t\t\t<\/div>\n\t\t\t\t<\/div>\n\t\t\t\t\t<\/div>\n\t\t\t\t<\/div>\n\t\t<div class=\"elementor-element elementor-element-cbbec80 e-flex e-con-boxed e-con e-parent\" data-id=\"cbbec80\" data-element_type=\"container\" data-settings=\"{&quot;background_background&quot;:&quot;classic&quot;}\">\n\t\t\t\t\t<div class=\"e-con-inner\">\n\t\t<div class=\"elementor-element elementor-element-01ecc5d e-con-full e-flex e-con e-child\" data-id=\"01ecc5d\" data-element_type=\"container\" data-settings=\"{&quot;background_background&quot;:&quot;classic&quot;}\">\n\t\t\t\t<\/div>\n\t\t\t\t\t<\/div>\n\t\t\t\t<\/div>\n\t\t<div class=\"elementor-element elementor-element-99e91af e-flex e-con-boxed e-con e-parent\" data-id=\"99e91af\" data-element_type=\"container\" data-settings=\"{&quot;background_background&quot;:&quot;classic&quot;}\">\n\t\t\t\t\t<div class=\"e-con-inner\">\n\t\t<div class=\"elementor-element elementor-element-c357c96 e-con-full e-flex e-con e-child\" data-id=\"c357c96\" data-element_type=\"container\">\n\t\t\t\t<div class=\"elementor-element elementor-element-508e57e elementor-widget elementor-widget-heading\" data-id=\"508e57e\" data-element_type=\"widget\" data-widget_type=\"heading.default\">\n\t\t\t\t\t<h2 class=\"elementor-heading-title elementor-size-default\">PAULA L\u00d3PEZ<\/h2>\t\t\t\t<\/div>\n\t\t\t\t<div class=\"elementor-element elementor-element-48e507b elementor-widget elementor-widget-text-editor\" data-id=\"48e507b\" data-element_type=\"widget\" data-widget_type=\"text-editor.default\">\n\t\t\t\t\t\t\t\t\t<p>\u00c1REA REFUERZO SOCIOEDUCATIVO<\/p>\t\t\t\t\t\t\t\t<\/div>\n\t\t\t\t<\/div>\n\t\t\t\t\t<\/div>\n\t\t\t\t<\/div>\n\t\t<div class=\"elementor-element elementor-element-aaf3175 e-flex e-con-boxed e-con e-parent\" data-id=\"aaf3175\" data-element_type=\"container\" data-settings=\"{&quot;background_background&quot;:&quot;classic&quot;}\">\n\t\t\t\t\t<div class=\"e-con-inner\">\n\t\t<div class=\"elementor-element elementor-element-fc2aac2 e-con-full e-flex e-con e-child\" data-id=\"fc2aac2\" data-element_type=\"container\" data-settings=\"{&quot;background_background&quot;:&quot;classic&quot;}\">\n\t\t\t\t<\/div>\n\t\t\t\t\t<\/div>\n\t\t\t\t<\/div>\n\t\t<div class=\"elementor-element elementor-element-04146cc e-flex e-con-boxed e-con e-parent\" data-id=\"04146cc\" data-element_type=\"container\" data-settings=\"{&quot;background_background&quot;:&quot;classic&quot;}\">\n\t\t\t\t\t<div class=\"e-con-inner\">\n\t\t<div class=\"elementor-element elementor-element-5d1cacb e-con-full e-flex e-con e-child\" data-id=\"5d1cacb\" data-element_type=\"container\">\n\t\t\t\t<div class=\"elementor-element elementor-element-52fcc41 elementor-widget elementor-widget-text-editor\" data-id=\"52fcc41\" data-element_type=\"widget\" data-widget_type=\"text-editor.default\">\n\t\t\t\t\t\t\t\t\t<p>\u00c1REA DEPORTIVA Y\u00a0 VOLUNTARIADO<\/p>\t\t\t\t\t\t\t\t<\/div>\n\t\t\t\t<div class=\"elementor-element elementor-element-f752cff elementor-widget elementor-widget-heading\" data-id=\"f752cff\" data-element_type=\"widget\" data-widget_type=\"heading.default\">\n\t\t\t\t\t<h2 class=\"elementor-heading-title elementor-size-default\">RUT AGUDO<\/h2>\t\t\t\t<\/div>\n\t\t\t\t<\/div>\n\t\t\t\t\t<\/div>\n\t\t\t\t<\/div>\n\t\t<div class=\"elementor-element elementor-element-d6d265d e-flex e-con-boxed e-con e-parent\" data-id=\"d6d265d\" data-element_type=\"container\" data-settings=\"{&quot;background_background&quot;:&quot;classic&quot;}\">\n\t\t\t\t\t<div class=\"e-con-inner\">\n\t\t<div class=\"elementor-element elementor-element-8566030 e-con-full e-flex e-con e-child\" data-id=\"8566030\" data-element_type=\"container\" data-settings=\"{&quot;background_background&quot;:&quot;classic&quot;}\">\n\t\t\t\t<\/div>\n\t\t\t\t\t<\/div>\n\t\t\t\t<\/div>\n\t\t<div class=\"elementor-element elementor-element-9ffa4b8 e-flex e-con-boxed e-con e-parent\" data-id=\"9ffa4b8\" data-element_type=\"container\" data-settings=\"{&quot;background_background&quot;:&quot;classic&quot;}\">\n\t\t\t\t\t<div class=\"e-con-inner\">\n\t\t<div class=\"elementor-element elementor-element-648c158 e-con-full e-flex e-con e-child\" data-id=\"648c158\" data-element_type=\"container\" data-settings=\"{&quot;background_background&quot;:&quot;classic&quot;}\">\n\t\t\t\t<\/div>\n\t\t\t\t\t<\/div>\n\t\t\t\t<\/div>\n\t\t<div class=\"elementor-element elementor-element-f4cf762 e-flex e-con-boxed e-con e-parent\" data-id=\"f4cf762\" data-element_type=\"container\" data-settings=\"{&quot;background_background&quot;:&quot;classic&quot;}\">\n\t\t\t\t\t<div class=\"e-con-inner\">\n\t\t<div class=\"elementor-element elementor-element-8627812 e-con-full e-flex e-con e-child\" data-id=\"8627812\" data-element_type=\"container\">\n\t\t\t\t<div class=\"elementor-element elementor-element-691e7d1 elementor-widget elementor-widget-heading\" data-id=\"691e7d1\" data-element_type=\"widget\" data-widget_type=\"heading.default\">\n\t\t\t\t\t<h2 class=\"elementor-heading-title elementor-size-default\">RAQUEL FRAILE<\/h2>\t\t\t\t<\/div>\n\t\t\t\t<div class=\"elementor-element elementor-element-6dd6010 elementor-widget elementor-widget-text-editor\" data-id=\"6dd6010\" data-element_type=\"widget\" data-widget_type=\"text-editor.default\">\n\t\t\t\t\t\t\t\t\t<p>\u00c1REA ATENCI\u00d3N SOCIOFAMILIAR<\/p>\t\t\t\t\t\t\t\t<\/div>\n\t\t\t\t<\/div>\n\t\t\t\t\t<\/div>\n\t\t\t\t<\/div>\n\t\t<div class=\"elementor-element elementor-element-4760055 e-flex e-con-boxed e-con e-parent\" data-id=\"4760055\" data-element_type=\"container\" data-settings=\"{&quot;background_background&quot;:&quot;classic&quot;}\">\n\t\t\t\t\t<div class=\"e-con-inner\">\n\t\t<div class=\"elementor-element elementor-element-f50c8b4 e-con-full e-flex e-con e-child\" data-id=\"f50c8b4\" data-element_type=\"container\" data-settings=\"{&quot;background_background&quot;:&quot;classic&quot;}\">\n\t\t\t\t<\/div>\n\t\t\t\t\t<\/div>\n\t\t\t\t<\/div>\n\t\t<div class=\"elementor-element elementor-element-82a6c90 e-flex e-con-boxed e-con e-parent\" data-id=\"82a6c90\" data-element_type=\"container\" data-settings=\"{&quot;background_background&quot;:&quot;classic&quot;}\">\n\t\t\t\t\t<div class=\"e-con-inner\">\n\t\t<div class=\"elementor-element elementor-element-8e8cdd7 e-con-full e-flex e-con e-child\" data-id=\"8e8cdd7\" data-element_type=\"container\">\n\t\t\t\t<div class=\"elementor-element elementor-element-5084276 elementor-widget elementor-widget-heading\" data-id=\"5084276\" data-element_type=\"widget\" data-widget_type=\"heading.default\">\n\t\t\t\t\t<h2 class=\"elementor-heading-title elementor-size-default\">\u00c1LVARO MOR\u00c1N<\/h2>\t\t\t\t<\/div>\n\t\t\t\t<div class=\"elementor-element elementor-element-9fa19a8 elementor-widget elementor-widget-text-editor\" data-id=\"9fa19a8\" data-element_type=\"widget\" data-widget_type=\"text-editor.default\">\n\t\t\t\t\t\t\t\t\t<p>\u00c1REA DEPORTIVA Y ATENCI\u00d3N SOCIAL<\/p>\t\t\t\t\t\t\t\t<\/div>\n\t\t\t\t<\/div>\n\t\t\t\t\t<\/div>\n\t\t\t\t<\/div>\n\t\t<div class=\"elementor-element elementor-element-7bbc730 e-flex e-con-boxed e-con e-parent\" data-id=\"7bbc730\" data-element_type=\"container\" data-settings=\"{&quot;background_background&quot;:&quot;classic&quot;}\">\n\t\t\t\t\t<div class=\"e-con-inner\">\n\t\t<div class=\"elementor-element elementor-element-e21785c e-con-full e-flex e-con e-child\" data-id=\"e21785c\" data-element_type=\"container\" data-settings=\"{&quot;background_background&quot;:&quot;classic&quot;}\">\n\t\t\t\t<\/div>\n\t\t\t\t\t<\/div>\n\t\t\t\t<\/div>\n\t\t<div class=\"elementor-element elementor-element-13a8751 e-con-full e-flex e-con e-child\" data-id=\"13a8751\" data-element_type=\"container\" data-settings=\"{&quot;background_background&quot;:&quot;classic&quot;}\">\n\t\t\t\t<\/div>\n\t\t<div class=\"elementor-element elementor-element-d6014d0 e-flex e-con-boxed e-con e-parent\" data-id=\"d6014d0\" data-element_type=\"container\" data-settings=\"{&quot;background_background&quot;:&quot;classic&quot;}\">\n\t\t\t\t\t<div class=\"e-con-inner\">\n\t\t\t\t\t<\/div>\n\t\t\t\t<\/div>\n\t\t\t\t<\/div>\n\t\t","protected":false},"excerpt":{"rendered":"<p>EQUIPO HUMANO JUNTA DIRECTIVA La Junta Directiva de la Asociaci\u00f3n La Torre de Hortaleza est\u00e1 formada por seis personas voluntarias, elegidas por la asamblea de socios y socias para su representaci\u00f3n, con una duraci\u00f3n de cuatro a\u00f1os. La Junta Directiva actual, con vigencia hasta octubre de 2025 como \u00d3rgano de Gobierno de laAsociaci\u00f3n, viene realizando [&hellip;]<\/p>\n","protected":false},"author":1,"featured_media":0,"parent":0,"menu_order":0,"comment_status":"closed","ping_status":"closed","template":"","meta":{"footnotes":""},"class_list":["post-1211","page","type-page","status-publish","hentry"],"_links":{"self":[{"href":"https:\/\/www.latorredehortaleza.org\/Blog\/index.php?rest_route=\/wp\/v2\/pages\/1211","targetHints":{"allow":["GET"]}}],"collection":[{"href":"https:\/\/www.latorredehortaleza.org\/Blog\/index.php?rest_route=\/wp\/v2\/pages"}],"about":[{"href":"https:\/\/www.latorredehortaleza.org\/Blog\/index.php?rest_route=\/wp\/v2\/types\/page"}],"author":[{"embeddable":true,"href":"https:\/\/www.latorredehortaleza.org\/Blog\/index.php?rest_route=\/wp\/v2\/users\/1"}],"replies":[{"embeddable":true,"href":"https:\/\/www.latorredehortaleza.org\/Blog\/index.php?rest_route=%2Fwp%2Fv2%2Fcomments&post=1211"}],"version-history":[{"count":289,"href":"https:\/\/www.latorredehortaleza.org\/Blog\/index.php?rest_route=\/wp\/v2\/pages\/1211\/revisions"}],"predecessor-version":[{"id":3541,"href":"https:\/\/www.latorredehortaleza.org\/Blog\/index.php?rest_route=\/wp\/v2\/pages\/1211\/revisions\/3541"}],"wp:attachment":[{"href":"https:\/\/www.latorredehortaleza.org\/Blog\/index.php?rest_route=%2Fwp%2Fv2%2Fmedia&parent=1211"}],"curies":[{"name":"wp","href":"https:\/\/api.w.org\/{rel}","templated":true}]}}